n base 10?
-400493
Convert 87295 (base 11) to base 12.
6145b
Convert -610557 (base 8) to base 6.
-4150515
1001011010101000001100 (base 2) to base 5
1112441424
24420044 (base 5) to base 12
b2690
Convert -1df9fe (base 16) to base 14.
-391d26
a4050 (base 15) to base 6
15050333
-10301101300 (base 4) to base 11
-784502
-b750b (base 12) to base 9
-406432
10c55c (base 15) to base 3
1111200212220
Convert 1001110101001010001 (base 2) to base 8.
1165121
What is -1265264 (base 9) in base 8?
-2511042
What is -1851338 (base 9) in base 8?
-3752515
-61b25c (base 15) to base 9
-8658086
What is 1011220201 (base 3) in base 16?
5ae2
What is -1036461 (base 8) in base 3?
-112010002020
Convert 4a754 (base 13) to base 11.
9430a
124812 (base 9) to base 13
28628
What is 1060158 (base 9) in base 11?
35aa58
Convert 16061572 (base 9) to base 5.
4022342210
What is 95581 (base 13) in base 3?
111122222101
Convert 13456141 (base 7) to base 14.
24a591
What is -134224221 (base 6) in base 8?
-12312425
Convert 131131144 (base 5) to base 15.
cb534
Convert 52020235 (base 6) to base 13.
404a23
Convert 599b4a (base 12) to base 11.
8a9984
Convert 10110000011100010 (base 2) to base 11.
61966
What is 322767 (base 8) in base 15?
22018
Convert 3613214 (base 8) to base 2.
11110001011010001100
What is 203f (base 16) in base 9?
12282
What is e9ff (base 16) in base 4?
32213333
What is 20001021112 (base 3) in base 12?
58a72
-254123 (base 6) to base 7
-123621
What is 917206 (base 10) in base 7?
10540033
4034151 (base 6) to base 12
92957
Convert -e141a (base 16) to base 5.
-214011100
What is 354132150 (base 6) in base 4?
121110130002
Convert -6253a (base 11) to base 6.
-1542004
What is 7667135 (base 8) in base 16?
1f6e5d
What is a085950 (base 11) in base 12?
5b84475
4041276 (base 9) to base 3
11001101022120
What is 21239c (base 15) in base 11?
987869
What is 446a4a (base 11) in base 5?
140241033
202210220001 (base 3) to base 11
25a830
Convert 1110001101011000110000 (base 2) to base 14.
6cd648
Convert 1563046 (base 9) to base 4.
3103332321
-6828550 (base 10) to base 16
-683206
1b332 (base 12) to base 2
1001110100010110
424421 (base 5) to base 6
150253
-a0989a (base 11) to base 8
-6143016
-1012022111210100 (base 3) to base 13
-3733b15
352c9 (base 14) to base 16
1fa01
Convert 1133232 (base 6) to base 10.
59060
-200345410 (base 6) to base 8
-14733056
Convert 1010101111001000011000 (base 2) to base 11.
1652626
What is 6bd28 (base 15) in base 16?
53f1e
268a5a (base 13) to base 4
3203312231
Convert -296344b (base 12) to base 6.
-454442535
Convert 2409555 (base 10) to base 14.
46a191
504114 (base 7) to base 9
140213
-38084 (base 13) to base 10
-103367
What is -111013223 (base 4) in base 3?
-11101122222
Convert -25260334 (base 7) to base 6.
-120535511
-6800418 (base 9) to base 13
-9b26c7
Convert 2165046 (base 7) to base 8.
1013744
Convert -22120211112 (base 3) to base 6.
-3342235
What is -691356 (base 15) in base 12?
-181a946
Convert -1101001011101000011010 (base 2) to base 5.
-1341034024
What is -31babc (base 13) in base 11?
-72896a
Convert -102441111 (base 5) to base 8.
-1525447
Convert -2140b (base 16) to base 10.
-136203
-96735 (base 11) to base 10
-140640
Convert 210221212 (base 4) to base 3.
21121220221
What is -1140c (base 16) in base 7?
-413013
Convert 2254221 (base 6) to base 7.
663022
Convert 11c28 (base 15) to base 9.
85742
74561132 (base 8) to base 7
252204111
2510bb (base 12) to base 16
9344f
What is -1232415 (base 8) in base 2?
-1010011010100001101
112439 (base 11) to base 5
21211010
Convert 2d9d38 (base 15) to base 7.
24533546
Convert -10424040 (base 6) to base 4.
-1030302120
200021211100 (base 3) to base 16
57e40
Convert -31201202311 (base 4) to base 8.
-15414265
Convert 215303300 (base 6) to base 7.
45056103
Convert -666611 (base 14) to base 4.
-31100122113
What is a200d (base 14) in base 12?
1695b9
What is 1122410144 (base 5) in base 9?
4707257
What is 2c49d4 (base 14) in base 10?
1549566
-10010202030 (base 4) to base 10
-1067148
-44626 (base 9) to base 3
-1111200220
-45b108 (base 13) to base 5
-410333241
2680aa7 (base 13) to base 9
24710104
Convert -61542 (base 12) to base 11.
-87397
653225 (base 7) to base 5
12121433
What is 10110011110011100001 (base 2) in base 12?
2b6255
-2775868 (base 9) to base 14
-2ba443
What is -211094 (base 10) in base 9?
-351508
1461424 (base 8) to base 9
707158
What is 82694 (base 13) in base 11?
14a903
Convert 111221022220121 (base 3) to base 11.
41aa243
Convert 1c3d1 (base 16) to base 5.
12200130
Convert -1658 (base 15) to base 3.
-20121002
1298a7 (base 11) to base 6
4205353
What is 1b02980 (base 12) in base 9?
11700276
What is 15327a (base 12) in base 15?
7116d
What is -11001211002220 (base 3) in base 12?
-882aa3
210032113 (base 4) to base 6
3102531
Convert 22110031 (base 5) to base 4.
232230202
What is -1201222020 (base 4) in base 10?
-400008
-44085 (base 9) to base 6
-343205
What is 2100200212102 (base 3) in base 11?
786a93
What is -276554 (base 8) in base 13?
-355a1
What is 25a3bb8 (base 13) in base 8?
55017206
What is 21341112 (base 6) in base 2?
10011011000110100100
What is 11033213222 (base 4) in base 3?
2120211201202
What is 443767 (base 11) in base 12?
2a1655
Convert -112322013 (base 4) to base 3.
-11202201020
What is -672c (base 15) in base 5?
-1144432
Convert 100000001010010001 (base 2) to base 13.
47c60
-ab3328 (base 16) to base 6
-1040251144
10312101220 (base 4) to base 2
100110110010001101000
1101111001101011 (base 2) to base 16
de6b
What is -997784 (base 10) in base 6?
-33215212
What is 677107 (base 8) in base 13?
80285
b4772 (base 12) to base 13
83609
Convert 1408385 (base 9) to base 2.
10111100111010011101
Convert -32a40 (base 16) to base 13.
-73549
Convert 22213110123 (base 4) to base 16.
2a751b
Convert -4895a04 (base 11) to base 15.
-b32b45
1434327 (base 12) to base 5
2014112040
What is 4dcab (base 15) in base 14?
66b88
What is 225102 (base 9) in base 7?
1101302
-17513040 (base 8) to base 12
-1459794
Convert 1857a1 (base 12) to base 2.
1100111101000101001
Convert -221521145 (base 6) to base 10.
-4007513
Convert 4197cb (base 13) to base 7.
16021541
Convert -15428a8 (base 11) to base 7.
-31301152
Convert 136322 (base 7) to base 13.
bc2a
11211322 (base 5) to base 14
28a69
152432661 (base 7) to base 10
10193268
Convert -1111110011101011 (base 2) to base 5.
-4032442
What is -3072399 (base 12) in base 16?
-8af6a5
600353 (base 7) to base 3
12010120202
3404200 (base 8) to base 4
3200202000
Convert -100001010100100010001 (base 2) to base 5.
-234414412
Convert -24d2a3 (base 14) to base 8.
-4647557
What is 102122001001 (base 3) in base 14?
5d606
What is 5502150 (base 7) in base 15?
d4650
100100110110000001100010 (base 2) to base 5
4433032331
What is -22030112130 (base 4) in base 16?
-28c59c
Convert 657723 (base 10) to base 2.
10100000100100111011
What is -30404636 (base 7) in base 3?
-11210000121102
55021115 (base 7) to base 6
244550542
What is -21201203 (base 7) in base 5?
-430030133
Convert -34041440 (base 5) to base 6.
-10231044
10010001110010101 (base 2) to base 8
221625
What is 1234652 (base 7) in base 16?
271a9
-1012300313 (base 4) to base 16
-46c37
364db (base 14) to base 10
132689
What is 2101100211000 (base 3) in base 16?
1354b3
1420400143 (base 5) to base 9
6835063
-2010111011211 (base 3) to base 11
-703161
What is -23b2663 (base 12) in base 3?
-111002010220210
What is 555241051 (base 6) in base 14?
14993b9
What is 15a837 (base 11) in base 3?
110121222110
-2571105 (base 8) to base 2
-10101111001001000101
25a53 (base 13) to base 15
15a7a
What is 395756 (base 10) in base 5?
100131011
What is -1418390 (base 11) in base 9?
-4531115
Convert 7483184 (base 9) to base 11.
229a679
171528 (base 9) to base 4
121322120
-5302021 (base 10) to base 15
-6eae81
Convert 1e0977 (base 15) to base 11.
9146a2
What is -179ac (base 13) in base 7?
-246645
Convert 3220142323 (base 5) to base 12.
23409b2
Convert -210340120 (base 5) to base 7.
-10256122
What is -21222001220 (base 3) in base 10?
-156786
Convert 110122120 (base 3) to base 15.
2aec
What is -110010102 (base 5) in base 9?
-784807
Convert -273587 (base 11) to base 3.
-210210212100
1212302212 (base 4) to base 13
11983c
Convert -104bc8a (base 13) to base 3.
-100100100221101
-304523 (base 7) to base 11
